0. Calculate the remainder when t is divided by 39.
34
Let y(g) = -2*g + 33 - 2*g - 2*g + 0*g + g**2. Calculate the remainder when y(6) is divided by 7.
5
Let b(q) = 81*q**2 - q - 1. Let f be b(-1). Suppose 3*c + i + f = -37, -4*i + 208 = -5*c. Let n = -21 - c. What is the remainder when n is divided by 5?
4
Let c(l) = -17*l + 465. Calculate the remainder when 77 is divided by c(26).
8
Suppose -3*u + 4*m + 72 = -154, -4*u + 300 = -4*m. What is the remainder when 123 is divided by u?
49
Let a(w) = 9*w + 225. Calculate the remainder when 215 is divided by a(-23).
17
Suppose -x + 4*h = -10, -4 = -2*x + 3*x + 3*h. Calculate the remainder when -9*(-2 + 10/6) is divided by x.
1
Let p(j) = 17*j**2 + j + 3. What is the remainder when p(-1) is divided by 11?
8
Suppose -147*k - 129 = -150*k. Let f = 3 - 4. What is the remainder when k is divided by 168/15 - f/(-5)?
10
Suppose -3*v + 10 = -5. Suppose m + v*m - 90 = 0. Let k(n) = -22*n - 2. Calculate the remainder when k(-2) is divided by m.
12
Suppose 63 = 28*w - 273. Let f(y) = -2 + 1 + 2 - 28*y. Calculate the remainder when f(-2) is divided by w.
9
Let q(u) = -u**3 - 42*u**2 - 5*u - 183. Calculate the remainder when q(-42) is divided by ((-12)/18)/((-1)/6).
3
Suppose 15*a + 3*a = 5778. What is the remainder when a is divided by 46?
45
Suppose j + w - 10 = 8, 0 = j - w - 28. Let y = j + -13. What is the remainder when 30 is divided by y?
0
Let p be (-4 - (4 - 4)) + -3. Let a = p + 21. Suppose n = 25 + 2. Calculate the remainder when n is divided by a.
13
Let f(o) = -6*o + 2. Let n(l) = l + 3. Let d be n(-7). What is the remainder when 103 is divided by f(d)?
25
Let y(x) = 9 + 7*x + 3*x**2 - 6*x + 9*x. Calculate the remainder when 49 is divided by y(-4).
15
Suppose -4*t = 4*v - 1256, 241 = t + 4*v - 64. Calculate the remainder when t is divided by 10.
7
Let t = 57 - 35. Let u = 11 - t. Calculate the remainder when 22 is divided by (0 - u) + (-11 - -8).
6
Suppose 4*y - 53 = 5*q - 2*q, 9 = -3*q. What is the remainder when 108 is divided by y?
9
Calculate the remainder when 114 is divided by 4*-1 + (-136)/(-4).
24
Let l(h) = h**3 + 13. Suppose -3*j - 23 = 40. Let v be 2/(-6) + (-7)/j. Calculate the remainder when l(v) is divided by 8.
5
Let b = -461 + 565. Calculate the remainder when b is divided by 3.
2
Suppose s = 3*p + 2*p + 38, -2*p = -3*s + 88. Let i = s - -17. Calculate the remainder when 177 is divided by i.
42
Let v(c) = -6*c. Let r = -23 + 11. Let d be 1/((-32)/r + -3). Calculate the remainder when v(d) is divided by 7.
4
What is the remainder when 4692/(-115)*(-45)/6 is divided by 28?
26
Suppose 3*f - 152 = -2*f + 2*b, -3*f + 112 = 4*b. Let c = -9 - -12. Let o = 14 - c. What is the remainder when f is divided by o?
10
Let j(d) = 2*d**2 + 6*d + 4. Let w be j(6). Let u = w - 70. Calculate the remainder when 124 is divided by u.
40
Let c(r) = -13*r - 70. Let t(v) = -9*v - 47. Let d(z) = -5*c(z) + 7*t(z). What is the remainder when d(-5) is divided by 3?
2
Let z = 35 - 19. Let d(n) = n**2 - 5*n - 34. Let k be d(16). Suppose -4*f + k = 26. Calculate the remainder when f is divided by z.
13
Let c(y) = 2*y + 3. Suppose -j - 4 = j. Let z be (-5 + j)/(-2 + 1). What is the remainder when 32 is divided by c(z)?
15
Suppose 2*z + 3*z = -3*d + 8, 2*z = -d + 1. Let s(a) = 0*a**2 - 4 - 3*a**2 - 2*a + 4*a**2 + 7*a. What is the remainder when s(-8) is divided by d?
9
Suppose 513*z = 505*z + 4984. What is the remainder when z is divided by 25?
23
Let b = 60 - -621. What is the remainder when b is divided by 12?
9
Let s = -14 + 17. Calculate the remainder when (3 - -1 - 2)/(1/2) is divided by s.
1
Calculate the remainder when (-8 - (-944)/120) + (-1697)/(-15) is divided by 38.
37
Suppose -5*d - 2*z + 35 = 0, 3*d + 3*z = 2*z + 20. Let a(x) = x**2 + 3 - 2*x - 4*x + 4 + 3*x - 10. Calculate the remainder when 11 is divided by a(d).
4
Suppose 3*p = 21*f - 16*f - 30, -2*p = -3*f + 17. Calculate the remainder when 682 is divided by f.
7
Let j = 51 - -13. What is the remainder when 1534 is divided by j?
62
Let t(h) = 12*h - 15. Let g be t(10). Let s = 141 - g. Calculate the remainder when 106 is divided by s.
34
Let z = 281 + -148. Suppose 5*v - 127 = z. Let c = 115 - v. Calculate the remainder when c is divided by 22.
19
Suppose 172 = l + 37. Suppose 2*z - 50 + 15 = -3*o, 5*z - 2*o - l = 0. What is the remainder when z is divided by 14?
11
Let j = 82 + -84. Calculate the remainder when ((-1968)/16)/(j - -1) is divided by 21.
18
Let b = -48 + 47. Let u(c) = -62*c**3 - c**2 + 1. What is the remainder when u(b) is divided by 21?
20
Suppose 3*f + 2*z = -2*z + 24, 66 = 5*f - 2*z. Let a = 2 - -1. Suppose a*m - 3*u = 141, -m - u + 3*u + 47 = 0. What is the remainder when m is divided by f?
11
Suppose 4*z = -4*p + 1016, -3*p + 5*z + 762 = 10*z. Calculate the remainder when p is divided by 27.
11
Let c = -909 - -960. What is the remainder when c is divided by 20?
11
Let m = -19 - -22. Suppose -h = -m*a + 202, -2*a = -4*a - 5*h + 163. Suppose 4*w - a = w. Calculate the remainder when 67 is divided by w.
21
Let b(i) = -2*i + 53. Let p be 10/(-65) - (-271)/(-13). Suppose 5*v - 96 = -26. What is the remainder when b(p) is divided by v?
11
Let d(x) = x**3 - 4*x**2 + 8*x + 2. Let n be d(6). Suppose -g + n = g. What is the remainder when g is divided by 17?
10
Calculate the remainder when (-1)/(-24 + 24 + 2/(-1098)) is divided by 55.
54
Suppose -j - 3*p = -77, 2*j - 2*p - 150 = -7*p. Calculate the remainder when 649 is divided by j.
64
Let y(z) = -57*z - 395. What is the remainder when y(-23) is divided by 23?
19
Suppose -41 = -s + 1. Suppose 7*y = 4*y + s. What is the remainder when 25 is divided by y?
11
Suppose -2*d - r - 2 + 56 = 0, -4*r + 66 = 2*d. Let i be 310/d*(7 - 2). Calculate the remainder when i + (-1 - 2) + 3 is divided by 16.
14
Suppose -4*t = -1 - 115. Let x = 34 + -52. Let v = t + x. Calculate the remainder when 20 is divided by v.
9
Let y = 377 + -240. What is the remainder when y is divided by 23?
22
Suppose 0 = -16*w + 826 - 586. What is the remainder when 673 is divided by w?
13
Let a = -29 + 28. Calculate the remainder when ((800/(-4))/5)/a is divided by 11.
7
Suppose -5*h + 142 = 2*n - 416, 3*h + n = 335. Calculate the remainder when h is divided by 46.
20
Let f = -885 - -895. Suppose 3*h + 5 = -10. Let i = h + f. What is the remainder when 18 is divided by i?
3
Suppose t + 17 = -5*w - 10, -2*t + w + 1 = 0. Let z(g) = -16*g + 7*g**2 + 10*g + 1 + 9*g. Calculate the remainder when z(t) is divided by 6.
5
Suppose -s = -5 + 3. Let f be s/(24/(-9))*-4. Suppose f*q - 37 + 10 = 0. What is the remainder when 26 is divided by q?
8
Let a(d) = 32*d + 53. Calculate the remainder when a(5) is divided by 2.
1
Suppose 3*x - 53 = -0*x - 2*c, -5*c = 2*x - 50. Calculate the remainder when (-35)/10*2/(-7) - (2 - 57) is divided by x.
11
Suppose 4*d = n - 1 + 17, 10 = -2*d + 5*n. Suppose 3*j = -2*j + d*m + 20, 3*j - 2 = m. Let f(o) = -18*o + 2. Calculate the remainder when f(j) is divided by 11.
9
Let x = 454 - 443. Calculate the remainder when 372 is divided by x.
9
What is the remainder when (964/3 - (-3)/(-9)) + -3 is divided by 20?
18
Suppose 3*w - 20 = -2*w. Suppose 0 = -w*n + 6 + 22. Suppose k - 4 = -p, -n = -k - 3*p - 3. Calculate the remainder when 14 is divided by k.
2
Let n(b) = 3*b**3 - 5*b**2 - 6*b + 13. Let s be n(4). Let g = -21 - -80. Let c = s - g. Calculate the remainder when c is divided by 22.
20
Suppose 7*q - 5*q - 30 = 0. Calculate the remainder when 179 is divided by q.
14
Calculate the remainder when (11 - 14)*316/(-12) is divided by 28.
23
Let r(d) = -21*d + 6. Let j = 11127 - 11119. Calculate the remainder when r(-5) is divided by j.
7
Let s be (1/(-3))/((-1)/63). Let h = 30 - s. Suppose -10*v = -h*v - 18. Calculate the remainder when v is divided by 10.
8
Let l be (2/(-6)*1)/(1/(-105)). Let r = l - 17. Calculate the remainder when 34 is divided by r.
16
Let x(r) = r**3 + 3*r**2 - 28*r - 7. What is the remainder when x(-6) is divided by 11?
9
Let o be (-1 + 2)/1*-10. Let p = 24 + o. Calculate the remainder when p is divided by 3 + -3 - (3 - 5 - 1).
2
Let j(z) = -z**3 - 10*z**2 - 29*z + 42. What is the remainder when 142 is divided by j(-6)?
70
Suppose 0 = -d - 0*d + 55. Let f = 87 - d. Suppose 0 = 3*m + 2*t 